6?
4416
What is the highest common factor of 124 and 11836452?
4
What is the highest common factor of 590 and 413973795?
295
Calculate the greatest common factor of 16096267 and 242.
121
Calculate the greatest common factor of 505101 and 2424.
303
What is the greatest common divisor of 12233770 and 53408?
3338
What is the highest common factor of 830 and 9066256?
166
What is the greatest common factor of 410 and 4462930?
10
Calculate the greatest common factor of 96395924 and 914.
914
Calculate the greatest common factor of 65696 and 166863734.
4106
Calculate the greatest common factor of 76814869 and 279.
31
Calculate the highest common divisor of 46208186 and 3842.
226
What is the highest common factor of 18 and 103307517?
9
Calculate the highest common factor of 1269846080 and 3180.
1060
Calculate the greatest common factor of 4779698 and 246.
82
What is the highest common factor of 2170390 and 73984?
578
Calculate the greatest common factor of 1362 and 116224.
454
Calculate the highest common divisor of 3498 and 788766.
66
What is the highest common divisor of 439 and 127198933?
439
Calculate the highest common factor of 11382 and 516.
6
Calculate the highest common factor of 18 and 4132998.
18
Calculate the greatest common divisor of 132620927 and 51.
17
What is the highest common divisor of 58392 and 30231?
9
What is the highest common factor of 468915 and 18060?
645
What is the greatest common factor of 664706 and 3248?
14
What is the highest common divisor of 3726 and 5009229?
27
What is the highest common factor of 22 and 579287918?
22
Calculate the highest common factor of 3993224 and 432.
8
Calculate the greatest common factor of 25 and 403418750.
25
Calculate the highest common factor of 1245123 and 6963.
33
What is the greatest common factor of 24 and 2006147544?
24
Calculate the highest common factor of 53350 and 26200.
50
What is the greatest common factor of 20925 and 5284725?
2325
Calculate the highest common divisor of 38637 and 4204755.
477
Calculate the greatest common divisor of 1909533 and 1332.
111
Calculate the highest common factor of 43195529 and 2929.
29
What is the highest common divisor of 22032 and 630768?
816
Calculate the highest common divisor of 1494 and 28570758.
498
Calculate the highest common factor of 59060466 and 1080.
18
Calculate the highest common divisor of 47241 and 21431.
29
Calculate the highest common factor of 320987 and 17711.
199
What is the highest common factor of 1152 and 909149184?
1152
Calculate the highest common factor of 6842144 and 1482074.
5858
Calculate the highest common factor of 2817 and 10846389.
939
Calculate the greatest common factor of 1675704 and 3477.
3
What is the greatest common factor of 23 and 117924818?
23
Calculate the greatest common factor of 42425 and 15500.
25
What is the greatest common factor of 24609 and 3311919?
39
What is the greatest common factor of 13 and 20186062?
13
What is the highest common divisor of 1679334 and 912?
114
What is the greatest common divisor of 366238850 and 25?
25
Calculate the highest common factor of 49930605 and 225.
45
What is the greatest common factor of 780768 and 792?
72
Calculate the greatest common factor of 1738155 and 315.
15
What is the highest common divisor of 124 and 27948608?
124
Calculate the greatest common divisor of 39 and 109302531.
39
Calculate the greatest common divisor of 11803 and 291412.
407
Calculate the highest common factor of 194 and 9933382.
194
Calculate the greatest common factor of 1169429 and 12570.
419
What is the highest common factor of 162168319 and 319?
29
What is the greatest common divisor of 13775168 and 8?
8
Calculate the greatest common divisor of 8338262 and 272.
34
What is the greatest common factor of 361 and 76528?
1
What is the greatest common divisor of 1740 and 77802505?
145
What is the greatest common divisor of 25209117 and 189?
27
What is the highest common divisor of 1056 and 3626832?
528
Calculate the highest common divisor of 140 and 28433776.
28
What is the highest common factor of 2519451 and 6222?
51
What is the highest common divisor of 9675 and 17729975?
1075
What is the greatest common factor of 2582 and 595681601?
1291
What is the highest common factor of 137777814 and 54?
54
What is the greatest common divisor of 57175870 and 1398?
466
Calculate the greatest common divisor of 6616365 and 195.
15
Calculate the greatest common divisor of 122935 and 40825.
115
What is the highest common divisor of 71133727 and 763?
763
What is the greatest common factor of 189 and 1032417?
9
Calculate the greatest common factor of 2676 and 161053722.
1338
Calculate the highest common factor of 18106129 and 7861.
1123
What is the highest common divisor of 79 and 4305263?
79
What is the highest common factor of 70 and 286490?
10
Calculate the highest common divisor of 2 and 225921478.
2
Calculate the greatest common divisor of 8815287 and 3034.
1517
What is the greatest common divisor of 167728983 and 303?
303
What is the highest common factor of 77761880 and 10020?
3340
Calculate the greatest common divisor of 98 and 295216082.
98
Calculate the greatest common divisor of 587752795 and 9905.
9905
What is the highest common divisor of 93504 and 2661942?
2922
Calculate the greatest common factor of 18042 and 520986.
186
Calculate the greatest common divisor of 353297 and 1757.
7
What is the highest common factor of 32077900 and 5820?
1940
What is the highest common factor of 5957 and 228697?
259
Calculate the greatest common divisor of 36616 and 56741.
23
Calculate the greatest common factor of 90 and 5968962.
18
What is the greatest common factor of 124296708 and 456?
228
What is the greatest common factor of 6153 and 31637847?
879
Calculate the highest common divisor of 68 and 5561252228.
68
What is the highest common divisor of 7881 and 32654533?
71
What is the highest common factor of 2657711 and 2555?
511
Calculate the highest common divisor of 24 and 80632344.
24
What is the highest common divisor of 107 and 3111282549?
107
Calculate the greatest common divisor of 25 and 35840175.
25
What is the highest common factor of 29689 and 12234567?
2699
What is the highest common factor of 9620595 and 4500?
45
Calculate the highest common factor of 1062865 and 50.
5
What is the highest common divisor of 452571 and 937?
937
What is the greatest common divisor of 15474830 and 140?
70
What is the greatest common factor of 7421 and 78192?
181
What is the greatest common divisor of 5447904 and 17248?
2464
Calculate the highest common divisor of 56320 and 745580.
220
What is the highest common divisor of 212487 and 323125?
517
Calculate the greatest common divisor of 860 and 3142010.
430
Calculate the greatest common factor of 9841 and 8333.
13
Calculate the greatest common factor of 27931351 and 1281.
427
Calculate the greatest common factor of 177051 and 225.
3
Calculate the highest common factor of 2637 and 2365096.
293
What is the highest common factor of 416535 and 33285?
105
Calculate the highest common factor of 40 and 1004728.
8
Calculate the greatest common factor of 7299330 and 240.
30
Calculate the highest common factor of 122984407 and 7046.
3523
What is the greatest common divisor of 1886 and 9448768?
46
Calculate the highest common factor of 1504 and 23192448.
32
What is the highest common factor of 15282 and 7795518?
1698
Calculate the greatest common factor of 534 and 194510479.
89
What is the greatest common divisor of 945 and 1355795?
35
What is the greatest common divisor of 5624718 and 3729?
33
Calculate the highest common divisor of 6071 and 6034107.
467
What is the greatest common divisor of 296623 and 40301?
191
Calculate the greatest common factor of 74 and 80764562.
74
What is the highest common factor of 1302 and 88764718?
434
Calculate the greatest common factor of 27804194 and 132.
22
Calculate the greatest common divisor of 655036 and 530737.
1973
Calculate the greatest common divisor of 6209060 and 67301.
2171
Calculate the greatest common divisor of 20768 and 312464.
944
Calculate the highest common divisor of 82113974 and 5.
1
What is the highest common divisor of 2921 and 830829?
23
Calculate the greatest common factor of 1583215 and 15.
5
Calculate the highest c